Let z be (-6)/(-21) + 2/(-7). Suppose -4 = p, 4*i - p + z*p + 64 = 0. Is q(i) a composite number?
False
Suppose -4*s - 3*n = -2*s - 449, n = -2*s + 439. Suppose 11*q - s = 10*q. Is q prime?
False
Let d(l) = -3*l**3 + 5*l**2 + 4*l + 1. Let y = 9 - 12. Is d(y) composite?
True
Suppose 38 = 4*x + 2*a - 4*a, -2*x = a - 9. Let p be (5 - 3)/((-2)/7). Is (-211)/(-1) - (x + p) prime?
True
Suppose 2*t = -0*t - 56. Is (-1532)/(-28) - 8/t a prime number?
False
Let d(q) = -q**2 + 4*q + 3. Let o be d(4). Let f(n) = -n**3 + 2*n**2 + 3*n + 2. Let r be f(o). Is (-72 + r)*(-1)/2 composite?
True
Let o be (-188)/(-6)*15/10. Let j = o - 128. Let v = 28 - j. Is v composite?
False
Let r = 8801 + -5958. Is (3/5 - 2/(-5))*r composite?
False
Suppose 74207 = 4*w - 5*n, -45940 + 8831 = -2*w - 3*n. Is w a composite number?
False
Let g(i) = -i**3 + 5*i**2 + 8*i - 8. Let p be g(6). Suppose p*x = 3*l - 1522, 423 = 3*l + 4*x - 1115. Let b = 905 - l. Is b prime?
False
Suppose -30319 = -2*c - 5*x, c + 3*c - 60668 = -4*x. Is (-1)/((-2)/c)*2/4 prime?
True
Let j be (-5917)/6 + (-2)/(-12). Is j/(-12) - 8/48 prime?
False
Let m(a) = -4*a - 2. Let u(x) be the third derivative of -x**4/8 + 17*x**3/6 - 3*x**2. Let b be u(7). Is m(b) a prime number?
False
Let z(v) = -v**3 + 8*v - 13. Let m be z(2). Let l(o) = 20*o**2 - 7*o + 6. Is l(m) a prime number?
True
Suppose 0 = -4*u + 10*u - 12. Suppose 0 = -u*s - 2*s + 492. Is s a composite number?
True
Let c(n) = 3*n**2 - n - 2. Let j be c(2). Let u be -42*(0 - 4/j). Let r = 74 - u. Is r a composite number?
False
Suppose -12*s + 456181 = -s. Is s prime?
False
Suppose -2*c + 2*v + 1034 = 0, 3*v = 2*c + 6*v - 1014. Let m = 1274 - c. Is m composite?
False
Suppose 9*x + 645 - 3579 = 0. Is x a composite number?
True
Is (30/(-8))/(9/(-1074096)*12) composite?
True
Suppose -6 = d - 10. Suppose -74 = 2*l - d*l. Is l a prime number?
True
Suppose -j - 3*u = 6, j + 21 = 4*j - 4*u. Suppose 797 = 5*z - d, 82 = -j*z + d + 561. Let b = z - -158. Is b composite?
False
Let x = 263 + 210. Let r = x + -295. Is (-1)/(-4)*r*2 a composite number?
False
Let m = 7 - 2. Suppose 0 = -3*b + 6 - 0. Suppose -b*z + m*z - 195 = 0. Is z prime?
False
Let s be (-1)/(-2) + 10/4. Let t be 388*(s + 28/(-8)). Let m = t - -283. Is m a composite number?
False
Let o(t) = 7951*t**3 - 4*t**2 - 22*t + 39. Is o(2) a composite number?
False
Suppose -2*j + 1276 - 380 = 0. Let d = -129 + j. Is d prime?
False
Suppose -4 = -d, 2550 = 2*f - 0*d + d. Is f composite?
True
Let c(z) = 20899*z**2 + 2*z - 2. Let l be c(1). Suppose 15*t - 3956 = l. Is t a composite number?
False
Suppose -3*v - 29 = -o + v, -40 = -2*o - v. Is (-1838)/(-6) + -2 - (-14)/o a composite number?
True
Suppose c = 6*c - 200. Let i be (c/(-8))/(2/(-2)). Suppose i*g + 5*y = -0*y + 645, -4*g = -3*y - 516. Is g a composite number?
True
Suppose -3*k - 12616 = -4*x, -16*x = -15*x - k - 3155. Is x a prime number?
False
Suppose i - 5165 = -3*j + 6860, 0 = -4*j + 4*i + 16044. Is j composite?
True
Suppose 1505 = 5*j - 4*o - 805, -5*o = 5*j - 2265. Let c = j + -99. Is c a composite number?
False
Suppose 3*d - 5*d = -10, 6468 = 3*n - 3*d. Is n composite?
False
Let d(t) = -t - 5. Let v be d(-10). Suppose 3*w - v = 1. Suppose w*g + g + 95 = 5*p, 2*p = -5*g + 38. Is p a composite number?
False
Is -33305*(3 - -7)/(-10) a composite number?
True
Suppose 4*w - 16 = -5*h, 3*h + 13 = 4*w - 3. Let j = 22 + -11. Suppose h = -6*d + 71 - j. Is d a composite number?
True
Suppose -2*y = 2*l - 30, y = 5*l - 3*y - 30. Let b = l + -5. Suppose b*v - 460 = -f + 6*f, -v + 95 = -2*f. Is v a composite number?
False
Suppose 7*d - 4*d - 3*a + 12 = 0, -4*d - 3*a = 2. Let q be 3 - (d - -3)/(-1). Suppose -16 = -q*z, -5*g + 2*z + 183 = -z. Is g a composite number?
True
Suppose 10 + 0 = 5*u. Is 87*(-2 - (u - 5)) a composite number?
True
Suppose -6*j + 14 = 2. Is 0 - j/(-5) - 57741/(-285) prime?
False
Is (60396/(-8 - 4))/(1*-1) composite?
True
Suppose 24*b + 1953 = 31*b. Let s = 176 + -81. Suppose -3*d = h - d - s, 3*h + 4*d - b = 0. Is h prime?
True
Suppose 1 = k + 2*r, 5 = -r + 2. Let p = 17 - k. Let q = 24 + p. Is q a composite number?
True
Let c(p) = 1114*p - 35. Is c(4) a composite number?
False
Let r(w) be the third derivative of 19*w**4/24 - w**3 + w**2. Suppose 2*s + 21 = 5*s + 3*h, -s - 2*h = -9. Is r(s) a composite number?
False
Is 0 + (4/(-6) - 53526/(-18)) composite?
True
Suppose 2*x + 1793 + 489 = 0. Let d = 2874 + x. Is d composite?
False
Suppose 4*l + 5*y = 3981, 4*y = 2*l + 3*l - 5007. Suppose 4*r - l = -5*r. Is r a composite number?
True
Suppose -16*n - 99340 = -36*n. Is n composite?
False
Suppose -s = 5*s + 3624. Let k = s - -863. Is k a prime number?
False
Let y(o) = -9*o**2 - 7. Let d(l) = -8*l**2 - 8. Let v(g) = 2*d(g) - 3*y(g). Is v(6) composite?
False
Suppose 4*k + 2*t - 12 = 0, k + 3*t - 3 = -0*k. Suppose k*w + 5 = -2*w. Is 0 - (w*258 - -4) a prime number?
False
Let z = 140 - 136. Suppose 0 = -3*h + z*b + 3239, -4*b + 6*b + 3229 = 3*h. Is h a prime number?
False
Let b(j) = -12086*j + 413. Is b(-3) composite?
False
Suppose -x + 318 = -5*p, 5*x + 2*p = -3*p + 1590. Suppose -158 - x = -4*d. Is d a composite number?
True
Let k(r) = -4*r - 8*r - 2*r - 6*r + 7. Let c be 1*-7*12/14. Is k(c) a composite number?
False
Let s(q) = 114*q - 55. Is s(34) a composite number?
False
Let s = 40 - 90. Let r be 5/2*(-40)/s. Suppose 10 = -r*n, -4*o = -5*n + 423 - 1080. Is o a prime number?
False
Let t(n) = -52*n - 17. Is t(-19) a prime number?
True
Let y = -238 - -105. Let a = y - -260. Is a a prime number?
True
Let l(s) = -11*s**2 - 5*s + 16. Let r be l(7). Let i = r - -1115. Is i a prime number?
True
Is (36 + -33)*2/6 - -66 composite?
False
Let c be (-180)/25*(-470)/3. Let d = -514 + c. Is d a composite number?
True
Suppose 2*r = r + 2692. Let q = -91 - -94. Suppose q*w - r = -w. Is w a composite number?
False
Let y = -31349 - -45370. Is y composite?
True
Let i(f) = 295*f**2 - 15*f - 41. Is i(-7) prime?
True
Let y = -11 - -13. Suppose y*x + 1 - 11 = 0. Suppose 0 = d + 2*t - 0*t - 71, x*d + t - 346 = 0. Is d a composite number?
True
Let l(s) be the second derivative of -3*s**5/20 - 2*s**4/3 + s**3/3 - 9*s**2/2 + 12*s. Is l(-6) composite?
True
Let f(v) = 2968*v**2 - 7*v + 5. Is f(2) prime?
True
Is (-1 - 1) + 7 - -2696 prime?
False
Suppose 3*c - 72 = 270. Suppose q - 77 = c. Is q composite?
False
Let m = 346 + -1256. Let s = m + 1431. Is s a composite number?
False
Let d(f) = 2*f**3 - 14*f**2 - 16*f - 2. Let s be d(8). Is 1/(-2) + 667/2 + s prime?
True
Let l(x) = -2405*x + 72. Is l(-1) a prime number?
True
Let y(m) = 10*m**2 + 10*m - 5. Suppose -3*n = -3*u + 21, -2*u + 6*u + 4*n - 12 = 0. Suppose u*g - 8*g = 30. Is y(g) a composite number?
True
Let k be ((-28)/(-1))/((-4)/(-50)). Suppose 47*b = 41*b - 1206. Let g = k + b. Is g a prime number?
True
Suppose 3940 = 2*y + 3*f, 4*y - 4056 = -3*f + 3830. Is y a composite number?
False
Suppose -3*a = 3*k - 18225, 4*a + 3*k = 2*a + 12146. Is a a composite number?
False
Let y = 10878 + 799. Is y a prime number?
True
Let l(k) = -647*k**2 - 7*k - 3. Let y be l(4). Let a = y + 14930. Is a a composite number?
False
Suppose 66 = 4*g + 22. Let u(l) = 2*l - 15. Let r be u(g). Suppose r*t + 121 = 8*t. Is t composite?
True
Let u(m) = -21*m - 5. Let c be -2 + -2 - 0/2. Let a be ((-6)/c)/((-3)/16). Is u(a) a prime number?
True
Let l(i) = 67*i**2 - 9*i - 35. Is l(9) a prime number?
False
Suppose 4*r = 2*i + 23951 + 36259, 0 = 4*r + i - 60213. Is r prime?
True
Let f = 24 - 22. Suppose 5*o - f*n + 3*n - 228 = 0, 2*n = 5*o - 234. Suppose 2*x - o = -8. Is x a prime number?
True
Suppose 2*h - 20634 = y, 5*y = 5*h + 6*y - 51599. Is h composite?
True
Suppose -15*p + 41119 - 4954 = 0. Is p a composite number?
False
Let j(y) be the third derivative of -y**7/15 + y**6/720 + y**5/15 + 4*y**2. Let r(f) be the third derivative of j(f). Is r(-1) composite?
False
Let c(g) be the second derivative of -g**3/6 + 7*g**2/2 + 2*g. Let p be c(5). Is (0 + p)*-1 - -21 composite?
False
Suppose 5*q - 4*v + 32 = 0, -3*q + 5*v - 6 = -q. Is q/12 + 347/3 a composite number?
True
Suppose -9*r = -12*r. Suppose -16*n + 14*n + 1106 = r. Is n a prime number?
False
Is 0 + -7 + 5 - -181 a prime number?
True
Suppose -2*v + 2*f = -24, -4*v + 3*f = -0*v - 46. Suppose -14*d 